{"id":2,"date":"2016-05-10T03:48:21","date_gmt":"2016-05-10T03:48:21","guid":{"rendered":"https:\/\/ddesz.lublin.eu\/?page_id=2"},"modified":"2024-07-01T12:04:51","modified_gmt":"2024-07-01T10:04:51","slug":"sample-page","status":"publish","type":"page","link":"https:\/\/domdziecka.lublin.pl\/","title":{"rendered":"Witamy serdecznie w Domu Dziecka im. Ewy Szelburg-Zarembiny"},"content":{"rendered":"<p>Dom Dziecka im. Ewy Szelburg-Zarembiny w Lublinie to jedna z najstarszych plac\u00f3wek opieku\u0144czo-wychowawczych w Lublinie (istnieje od kilkudziesi\u0119ciu lat)! To dawny Dom Dziecka Nr 2 im. Ewy Szelburg-Zarembiny przy ul. Narutowicza 32 w Lublinie. Od 1 lipca 2011 r. siedziba naszego Domu Dziecka mie\u015bci si\u0119 przy Alejach Rac\u0142awickich 22 w Lublinie i otrzyma\u0142a nowa nazw\u0119 \u2013 Centrum Administracyjne im. Ewy Szelburg-Zarembiny. A miejsca gdzie mieszkamy to Domy Rodzinne Nr 1, 2, 3, 4. Nazwy te nie s\u0105 przypadkowe, bo mieszkamy w trzech domkach i dw\u00f3ch mieszkaniach na terenie Lublina, w ma\u0142ych grupach, tak rodzinnie.<\/p>\n","protected":false},"excerpt":{"rendered":"<p>Dom Dziecka im. Ewy Szelburg-Zarembiny w Lublinie to jedna z najstarszych plac\u00f3wek opieku\u0144czo-wychowawczych w Lublinie (istnieje od kilkudziesi\u0119ciu lat)! To dawny Dom Dziecka Nr 2 [&hellip;]<\/p>\n","protected":false},"author":1,"featured_media":0,"parent":0,"menu_order":0,"comment_status":"closed","ping_status":"open","template":"","meta":{"footnotes":""},"_links":{"self":[{"href":"https:\/\/domdziecka.lublin.pl\/index.php?rest_route=\/wp\/v2\/pages\/2"}],"collection":[{"href":"https:\/\/domdziecka.lublin.pl\/index.php?rest_route=\/wp\/v2\/pages"}],"about":[{"href":"https:\/\/domdziecka.lublin.pl\/index.php?rest_route=\/wp\/v2\/types\/page"}],"author":[{"embeddable":true,"href":"https:\/\/domdziecka.lublin.pl\/index.php?rest_route=\/wp\/v2\/users\/1"}],"replies":[{"embeddable":true,"href":"https:\/\/domdziecka.lublin.pl\/index.php?rest_route=%2Fwp%2Fv2%2Fcomments&post=2"}],"version-history":[{"count":1,"href":"https:\/\/domdziecka.lublin.pl\/index.php?rest_route=\/wp\/v2\/pages\/2\/revisions"}],"predecessor-version":[{"id":501,"href":"https:\/\/domdziecka.lublin.pl\/index.php?rest_route=\/wp\/v2\/pages\/2\/revisions\/501"}],"wp:attachment":[{"href":"https:\/\/domdziecka.lublin.pl\/index.php?rest_route=%2Fwp%2Fv2%2Fmedia&parent=2"}],"curies":[{"name":"wp","href":"https:\/\/api.w.org\/{rel}","templated":true}]}}

<p>Dom Dziecka im. Ewy Szelburg-Zarembiny w Lublinie to jedna z najstarszych placówek opiekuńczo-wychowawczych w Lublinie (istnieje od kilkudziesięciu lat)! To dawny Dom Dziecka Nr 2 im. Ewy Szelburg-Zarembiny przy ul. Narutowicza 32 w Lublinie. Od 1 lipca 2011 r. siedziba naszego Domu Dziecka mieści się przy Alejach Racławickich 22 w Lublinie i otrzymała nowa nazwę – Centrum Administracyjne im. Ewy Szelburg-Zarembiny. A miejsca gdzie mieszkamy to Domy Rodzinne Nr 1, 2, 3, 4. Nazwy te nie są przypadkowe, bo mieszkamy w trzech domkach i dwóch mieszkaniach na terenie Lublina, w małych grupach, tak rodzinnie.</p>

<p>Dom Dziecka im. Ewy Szelburg-Zarembiny w Lublinie to jedna z najstarszych placówek opiekuńczo-wychowawczych w Lublinie (istnieje od kilkudziesięciu lat)! To dawny Dom Dziecka Nr 2 [&hellip;]</p>
